2 - p + 0*p**2 - 5. Let z be q(x). Calculate the highest common factor of z and 30.
5
Let u(d) = d**2 - d + 8. Let n be u(0). Suppose 25 = 4*b - 5*g - n, 0 = -4*b + g + 13. Suppose -b = -5*f + 13. Calculate the highest common factor of f and 3.
3
Suppose 0*t - 21 = -t. Let j = 143 + -139. Suppose t = j*v - v. Calculate the highest common divisor of 77 and v.
7
Let q(y) = -3*y - 24*y + 0*y + 1 - 2*y**2 - 14. Let r be q(-11). Calculate the greatest common divisor of r and 14.
14
Suppose -15 - 1 = -2*u. Suppose -4*g = -u*g. Suppose g = b - 5*b + 192. What is the greatest common factor of 32 and b?
16
Suppose -3*j - 2*h = -h - 12, -5*j + h = -28. Let i be ((-8)/j)/((-4)/(-10)). Let q be (i/(-6))/(3/18). What is the greatest common factor of 4 and q?
4
Let t be (-2)/4 - (-90)/4. Let y(f) = 81*f + 581. Let b be y(-5). What is the greatest common divisor of t and b?
22
Let k(w) = w**3 - 7*w**2 - 7*w + 12. Let a be k(8). Suppose 3*m = 2*m + a. Suppose -2*g + m = -0*g. Calculate the greatest common divisor of g and 50.
10
Let k(l) = 8*l + l**2 - 10 + 18 - 17. Let q be k(-12). What is the highest common divisor of 13 and q?
13
Suppose 2*z = -127*k + 125*k + 10, -2*z - 4*k = -12. Calculate the greatest common factor of z and 328.
4
Let z(l) = -3*l - 2. Let t be z(3). Let x be (-26)/5 - t/55. Let m = x + 7. Calculate the highest common divisor of 6 and m.
2
Suppose -15*w + 22*w = 126. Calculate the highest common factor of 18 and w.
18
Let h(d) = 29*d + 542. Let a be h(-18). Calculate the highest common divisor of a and 580.
20
Let q be (-20 + 22)*(30 + 1)*2. Suppose 0 = -5*l + 5*v - q + 379, -96 = -2*l + 4*v. What is the greatest common factor of l and 6?
6
Suppose 3*t = 5*l + 206, t + 290 = 5*t + l. Suppose t = 16*g - 13*g. Calculate the greatest common factor of 6 and g.
6
Let i(q) = -6*q - 3. Let f be i(-2). Let v(k) = 3*k**2 + 238*k + 1011. Let l be v(-75). Calculate the greatest common divisor of l and f.
9
Let r(i) = -7*i - 98. Let q be r(-20). Let k = -101 - -164. Calculate the greatest common factor of q and k.
21
Let r be (-1 - -15)/(1/4). Let q be (-3 - -1)/((-2)/2). Let u be 1*-8*(1 - q). What is the greatest common factor of u and r?
8
Let l(v) = 20*v**2. Let b be l(1). Let k(o) = 99*o - 1376. Let w be k(14). What is the highest common factor of b and w?
10
Suppose -4*o + 3*o + 3 = 0. Suppose 25 + 2 = o*m. Suppose -84 - 42 = -2*t. Calculate the highest common factor of m and t.
9
Let o(i) be the second derivative of 1/12*i**4 - i**2 + 2*i**3 + 8*i + 0. Let d be o(-13). Calculate the greatest common factor of 1 and d.
1
Let m(g) = g**2 + 9*g**2 - 2*g + 3 - 2*g. Suppose -5*a + 2*t = -18, -30 = -5*a - 4*t + 9*t. Let f be m(a). Calculate the greatest common divisor of 14 and f.
7
Let z = 180 - 158. Let t = 0 + 10. Let j = 1 + t. What is the greatest common factor of z and j?
11
Let h(u) be the second derivative of u**5/20 - u**4/3 - u**3/6 + u**2/2 - 23*u. Let x be h(5). Calculate the greatest common factor of 21 and x.
21
Let d be (-4 + 15/3)/1. Let b be (-140)/(-14)*(1 + d). Calculate the highest common factor of 4 and b.
4
Suppose -17 = -4*j - 1, 3*j - 339 = k. Let y = 102 - k. Calculate the highest common divisor of 39 and y.
39
Suppose -4*t - 14 = -6*t. Let x = -5 + t. Let u = -572 + 577. What is the highest common divisor of x and u?
1
Suppose -3*t = -5*b - 348, 15*t + 213 = 17*t + 3*b. Calculate the highest common divisor of t and 407.
37
Let i(l) = 3*l**2 - 72*l - 141. Let x be i(26). Let y(w) = 5*w + 2. Let o be y(-5). Let d = 38 + o. Calculate the greatest common factor of x and d.
15
Suppose 13*h - 175 = 8*h. What is the highest common factor of h and 21?
7
Let p(w) = w**3 - 18*w**2 - 14*w - 12. Let s be p(19). Let x = -79 + s. Calculate the highest common factor of 68 and x.
4
Let c(x) = -51*x - 104. Let w be c(-7). Calculate the highest common divisor of w and 69.
23
Let k = -30 - -69. Let c(i) = -i**3 - 7*i**2 + 3*i - 10. Let s be c(-8). Let z = k - s. Calculate the greatest common factor of 90 and z.
9
Suppose d + 0 - 4 = 0. Suppose 0 = -d*h + 4, -a - 211 = -5*a + 5*h. What is the highest common divisor of a and 6?
6
Let c be 2/6*9*-7. Let h = 12 - c. What is the highest common divisor of h and 3?
3
Let o = -421 - -445. What is the highest common divisor of o and 8?
8
Let m be 0 + (-72)/(2 + -3). Let g(u) = -u**3 - 3*u**2 - u - 12. Let l be g(-4). Calculate the highest common factor of m and l.
8
Let a(f) = 38*f + 64. Let z be a(4). Calculate the highest common divisor of 24 and z.
24
Let l = -66 + 213. Calculate the highest common divisor of 168 and l.
21
Let s = 123 - 117. Calculate the highest common divisor of 30 and s.
6
Suppose 0 = 3*p - 4*j - 29, 3*p = -2*p + 4*j + 43. Let f be (-1*2)/((-1)/p + 0). Calculate the highest common factor of f and 238.
14
Let t be 7 + -23 - (2 - (2 + 0)). Let y be (1 - 2)/(t/15 - -1). What is the greatest common divisor of y and 3?
3
Let x(a) = -a**3 - 4*a**2 - 5*a + 8. Let k(i) = i**2 + 10*i - 7. Let w be k(-10). Let h be x(w). What is the highest common factor of h and 38?
38
Let a = -250 + 289. What is the greatest common factor of 39 and a?
39
Let j(b) = 9*b**2 + 3*b. Let q be j(-1). Let m be (7/6)/(1/q). What is the highest common divisor of 77 and m?
7
Let q(n) be the second derivative of n**5/20 - 2*n**4/3 + 4*n**3/3 + 4*n**2 + 18*n. Let w be q(8). What is the greatest common factor of w and 18?
18
Suppose 5*o - c = 29, -8*o = -4*o - c - 24. Suppose -o*a = -37 - 8. Let p = 17 + -16. Calculate the greatest common factor of a and p.
1
Let z be -300*(160/600)/(2/(-5)). What is the greatest common factor of 25 and z?
25
Let t(p) = 75*p - 2 - 39*p - 27*p - 34. Let u be t(7). Calculate the greatest common divisor of 297 and u.
27
Let f be 147/7 - 2*-2. Let l = -4 + f. Let b = l - -7. What is the highest common factor of 7 and b?
7
Let i(y) = -70*y + 10. Let z be i(-4). What is the greatest common divisor of z and 232?
58
Let u be 6/2*(-20)/(-6). Calculate the greatest common divisor of 170 and u.
10
Let j(z) = 16*z - 6. Let f be j(2). Let i = 26 - f. Suppose -5*q + 169 - 4 = i. What is the highest common factor of q and 22?
11
Suppose 5*u - 8 = 4*u. Let h = -162 - -228. Suppose -h = -3*n + 3*i, -5*n + i + 104 = -i. What is the greatest common factor of n and u?
4
Let x be (-61)/(-3) - (-6)/9. Let g be 2/(-7) - (0 - 216/x). What is the greatest common factor of 70 and g?
10
Let m(i) = -i**3 + 33*i**2 - 26*i + 51. Let v be m(32). What is the greatest common divisor of 18 and v?
9
Let c(v) = v**2 - 2*v + 10. Let i be c(7). Suppose m = -4*m + i. Let p be m + (-3)/3 + -3. What is the highest common factor of p and 45?
5
Suppose 238*z + 462 = 249*z. What is the greatest common factor of 798 and z?
42
Let p = -123 - -200. What is the greatest common divisor of 44 and p?
11
Suppose 0 = -2*l + 4*l - 28. Suppose 0 = -2*g + 6 + 6. Suppose -5 = -i + g*i, -4*b + 51 = 5*i. What is the greatest common divisor of l and b?
14
Let g(d) = d**2 - 4*d - 13. Suppose -6*k + 4*k - 6 = 0. Let m be g(k). What is the highest common divisor of 20 and m?
4
Let c = 257 - 255. Calculate the greatest common divisor of 2 and c.
2
Let v(c) = 5*c + 8*c - 444 + 402. Let z be v(9). Calculate the greatest common divisor of 15 and z.
15
Suppose -10208 = -28*i - i. What is the highest common factor of i and 288?
32
Suppose 0 = 4*j + j. Let q be 7 + j + -4 - -26. Suppose 346 + q = 5*h. Calculate the highest common divisor of h and 15.
15
Let n(s) = -3*s + 12. Let c be n(5). Let w be 34 + (15 - 3)/c. Calculate the greatest common divisor of w and 15.
15
Let i(a) be the second derivative of -a**5/20 - 5*a**4/4 + 13*a**3/6 - 10*a**2 - 19*a. Let y be i(-16). What is the greatest common divisor of 252 and y?
28
Suppose -27*p + 25*p = -32. Calculate the greatest common divisor of 16 and p.
16
Suppose -2*f - f + 5*i + 28 = 0, 0 = 3*f - i - 32. Suppose -42 = -f*y + 8*y. Calculate the greatest common factor of 2 and y.
2
Let v = 5179 - 5075. Suppose 39 = -d + 4*d. What is the highest common divisor of v and d?
13
Let k(c) = -5*c**2 - 30*c + 7. Let r be k(-6). Suppose -10*m + 4*m + 12 = 0. What is the greatest common divisor of m and r?
1
Let a = -1998 - -2338. Calculate the greatest common divisor of 40 and a.
20
Suppose 12*w - 294 = 5*w. 